-2*g - 10, 2 = b. Give y(g).
-10
Let t(o) be the second derivative of o**5/60 - o**4/24 + 5*o**3/6 - 5*o. Let g(x) be the second derivative of t(x). Let q be g(3). Let r(m) = m - 4. Give r(q).
1
Let s(b) = -b**3 - 4*b**2 + 3*b + 3. Suppose 0 = 5*r + 602 - 582. What is s(r)?
-9
Let j(g) = 0*g**3 + 57*g**2 + g**3 + 6*g - 65*g**2 + 8. Calculate j(6).
-28
Let d(c) be the third derivative of c**6/60 - c**5/60 - 5*c**4/24 + c**3/3 - 3*c**2. Determine d(3).
32
Let p(d) = 3*d + 15. Let l(r) = -r - 7. Let m(x) = -5*l(x) - 2*p(x). Let z be -1*25*(-25)/125. Determine m(z).
0
Let t(f) be the third derivative of f**5/30 - f**4/4 + f**3/3 - 75*f**2 - 1. Give t(4).
10
Suppose -7*a = 16 - 23. Let m(o) = 7*o**3 + 1. Give m(a).
8
Let y(c) = 14*c**3 - 7*c + 7. Let d be y(1). Let m(i) = i**2 - 11*i - 19. Calculate m(d).
23
Let h = -6 - -11. Let p be (-9 + h)/(1*-2). Let m(t) = -2*t - 2 - 2*t**2 - 3*t + 6*t. What is m(p)?
-8
Suppose 3*s + 13 - 25 = 0. Let p(y) = -58*y + 2 + 4 + 66*y - 10*y**2 + s*y**3 - 3*y**3. Give p(9).
-3
Let h(y) = -y**3 + 3*y**2 + 6*y - 1. Let j(l) = -2*l**2 - 11*l - 7. Let t be j(-8). Let x = 51 + t. Calculate h(x).
7
Let f(w) be the first derivative of w**3/3 - 2*w**2 - 6*w - 1. Let t be ((-2)/4)/((-1)/(-8)). Let c be (t/10)/((-4)/60). What is f(c)?
6
Let c(d) = -50*d + 43*d - 8*d**2 + 0*d**3 + 1 - 3*d**3 + 2*d**3. Calculate c(-7).
1
Suppose 8 = -6*s + 4*s. Let a = -4 - -4. Let n(i) = 0*i - 3*i**2 + 4*i - i**3 - 1 + a*i**3. Give n(s).
-1
Let l(v) = -v**3 - 8*v**2 - 7*v + 3. Suppose -12 = -4*f - 2*y - 44, 4*f + 40 = -4*y. Calculate l(f).
-27
Let c(r) = 26*r**2 + 61*r + 49. Let d(y) = 6*y**2 + 15*y + 12. Let p(u) = -2*c(u) + 9*d(u). What is p(-8)?
34
Let l = -24 + 27. Suppose -l*h = -7*h + 20. Let q(f) = 0 - 6*f**2 + 5*f**2 + 6 + 4*f. Give q(h).
1
Let t(g) = 34*g + 549. Let v be t(-16). Let z(r) be the third derivative of -r**5/60 + r**4/6 + r**3/2 + r**2. What is z(v)?
-2
Let k(t) be the third derivative of 1/60*t**5 - 32*t**2 + 5/3*t**3 + 0 - 1/24*t**4 + 0*t. What is k(0)?
10
Let a be 20/(-12)*24/(-20). Let c(l) = -4*l. Determine c(a).
-8
Let g(p) be the first derivative of -5 - 2/3*p**3 - 3/2*p**2 - 4*p + 1/4*p**4. What is g(3)?
-4
Let h(k) = 2*k**3 - 7*k**2 + 3*k + 12. Let z(j) = 5*j**3 - 14*j**2 + 7*j + 26. Let s(l) = -7*h(l) + 3*z(l). What is s(-6)?
30
Let d(s) = -s + 9. Let x be d(3). Let a = x + -5. Let o(i) = -5*i**2 - i + i**2 + 0*i**2. What is o(a)?
-5
Suppose 5*q + 3 = p, 5*p + 6*q = 4*q - 66. Let l = p + 11. Let z(d) be the third derivative of -11*d**6/120 - d**5/30 + d**3/6 - d**2 - 26*d. Give z(l).
10
Let b(y) be the first derivative of -11 - y**2 + 0*y**3 - y + 1/4*y**4. What is b(-1)?
0
Let y(k) be the first derivative of -2*k**2 + 11*k - 133. Calculate y(3).
-1
Let c(s) = -64*s. Let w be c(1). Let m = w - -65. Let l(p) = p**3 + p**2 - 1. Give l(m).
1
Let r be (-2 + 1)/((-7)/28). Let x(q) be the first derivative of q**3/3 - 7*q**2/2 + 5*q - 5. Determine x(r).
-7
Let x = -127 + 130. Suppose x*d - 30 = 6*d. Let c(h) = -h - 5. Give c(d).
5
Suppose a = 2*a - 19. Let j = -27 + a. Let n(h) = -h**3 - 9*h**2 - 9*h + 1. Give n(j).
9
Suppose 2*c + 2 = 3*c. Let l(j) = 0*j**2 - 8*j - 5*j**2 - 1 + 6*j**c + j. What is l(8)?
7
Let d(f) = 7 + 0*f + 4*f + f**3 + 7*f**2 + 4*f. Let h be d(-6). Let w(g) be the first derivative of -g**3/3 - 3*g**2 - 6*g + 229. What is w(h)?
-1
Let s(a) = -2*a**2 - 3*a + 0*a - a**3 + 0*a + 4*a**2 + 2. Let g be (-108)/(-30) - 4/(-10). Let t = -2 + g. What is s(t)?
-4
Suppose -2*j + 16 = 2*m, 5*j - 7 = 3*m + 1. Let k(a) = -2*a + a**2 + m*a - a. Give k(3).
12
Let o = 1018 - 1025. Let b(q) = -3*q - 25. Calculate b(o).
-4
Let i(x) = 14 - 46*x**2 + 106*x**2 - 62*x**2 + 19*x. Calculate i(10).
4
Let a = -14 - 0. Let h = a - -11. Let m(g) = g**3 + 3*g**2 + 2*g + 3. Calculate m(h).
-3
Let d(z) = 5*z**3 - 3*z**2 - 8*z - 29. Let h(i) = 3*i**3 - 3*i**2 - 4*i - 15. Let c(t) = -4*d(t) + 7*h(t). Calculate c(9).
47
Let n(v) = -v - 2. Let k(g) be the first derivative of -g**3/3 - 3*g**2 - 2*g - 12. Let t be k(-5). Calculate n(t).
-5
Let u be 324/(-60) - (-4)/10. Let g(z) be the first derivative of z**2/2 + 5*z + 19. What is g(u)?
0
Let n(j) = j**3 + 11*j**2 - 2*j - 15. Let l be (-438)/30 + 4 + (-10)/25. Calculate n(l).
7
Let j(p) = p**2 + 3*p - 4. Let v be (-58)/(2 + -1 + 0). Let k = -42 + v. Let g be (-8)/36 + k/36. Calculate j(g).
-4
Let p(w) be the first derivative of -w**3/3 + 4*w**2 - 6*w - 3. Suppose -5*d - 12 = 3*k - 2*k, -3*d - 44 = -4*k. Calculate p(k).
-6
Let w(u) = 3*u**2 - 4*u**2 - 17*u + 13 - 77. Determine w(-12).
-4
Let d(u) = u**2 + 3*u - 4. Let c be -31 - (-4)/(-12)*-3. Let w = 26 + c. Give d(w).
0
Let k(a) = -a**2 + 4*a + 7. Let h = 586 - 580. Calculate k(h).
-5
Suppose -2*i + 14 = -i. Let b be 95/35 + 4/i. Let z(k) be the second derivative of k**5/20 - 5*k**4/12 + 2*k**3/3 - 2*k**2 - k. What is z(b)?
-10
Let r(v) = -v**2 - v - 3. Let l = 64 - 64. Let c be r(l). Let h(a) = 2*a + 3. Determine h(c).
-3
Let w(r) = r**2 - 3*r + 2. Let b be w(4). Let q(v) = 6*v - v**3 + 5*v**2 + 3 - 4 + 1. Determine q(b).
0
Let s(j) be the first derivative of j**2 + 8*j - 2. Let v(q) = q**2 + 11*q + 4. Let x be v(-10). Determine s(x).
-4
Suppose -5*m + 41 - 31 = 0. Let k(g) = 152 - m*g - 154 + 3*g. What is k(7)?
5
Let z(o) = o + 32. Let h = -672 + 657. Calculate z(h).
17
Suppose -2*v + 53 - 18 = 5*c, 4*c = -4*v + 40. Suppose -i = 2 - v. Let f(g) = g**3 - 5*g**2 + g - 3. Calculate f(i).
-18
Let x(f) = -4*f - 3. Suppose 3*y - 2*j = -20, 4*j - 14 = -2*y - 6. Let l(g) = -g**2 - 7*g - 14. Let v be l(y). Give x(v).
5
Let t be (-2)/1 - (-14 + 9 - -8). Let w(j) = j**2 + 6*j + 1. Calculate w(t).
-4
Let i(a) = a**2 - 5*a - 2. Let w be i(4). Let n(v) be the third derivative of -v**4/24 - 2*v**3 + 89*v**2. What is n(w)?
-6
Let k(d) = -1. Let b(x) = 5*x + 4 - 2 + 5. Let u(t) = b(t) + 5*k(t). Suppose -q - 12 = 3*o + 2*o, -5*q = -o + 8. Determine u(q).
-8
Let z = 283 + -282. Let o(b) = 21*b**2 + 2*b - 1. Determine o(z).
22
Let u = 232 - 232. Let q(p) = p**3 - p**2 - 19. Determine q(u).
-19
Let h be 12/3 - (2 + -3). Suppose y - 4*p - 13 = 0, -h*y + p = -3*y - 12. Let j be 13/5 + (-3)/y. Let d(r) = r**2 - 4*r - 1. Give d(j).
-5
Suppose 0*z + 3*z = 0. Suppose 2*y = i - 4, -2*i = 3*y - z*i + 20. Let b(x) = x**3 + 4*x**2 - 3*x - 2. Determine b(y).
10
Let r(m) = -2*m + 1. Suppose -4*d = -6 + 14, -4*x - 4*d = -12. Determine r(x).
-9
Suppose 0 = 5*l - 1 + 6. Let h(z) = -1. Let t(g) = -g**2 + 8*g. Let v(j) = l*t(j) - 3*h(j). Give v(8).
3
Let j(l) = -2*l + 0*l + 13 - 11. Suppose 0 = 35*t - 33*t + 10. Calculate j(t).
12
Suppose 2 - 12 = 2*y. Let u(v) = 3*v**2 - 19*v + 21. Let g(z) = 5*z**2 - 29*z + 32. Let n(f) = y*g(f) + 8*u(f). Give n(-8).
0
Let r be ((-180)/50)/(2/5). Let m(s) = 3*s + 12. What is m(r)?
-15
Let y(h) = 9*h**3 - 4*h**2 - 7*h - 11. Let n(g) = -2*g**3 + g**2 + g + 2. Let v(b) = -5*n(b) - y(b). What is v(2)?
9
Let n(p) be the third derivative of 2*p**5/15 + p**4/12 + p**3/6 + 25*p**2. Give n(-1).
7
Let c be 2/((-2)/(-3)) - (-10 - -4). Suppose 0*z - 2*z = c*z. Let y(d) = -d**3 + d**2 + 9. Give y(z).
9
Let b(c) be the second derivative of -25*c + 0 + 1/2*c**2 - 1/6*c**3. What is b(1)?
0
Let u be (2/3)/(-11 + 385/33). Let z(v) = 9*v**3 - v**2 + v. Calculate z(u).
9
Let v(c) be the third derivative of c**4/8 + 22*c**3/3 - 7*c**2. Let g be v(-17). Let s(j) = j**3 + 6*j**2 - 9*j - 7. What is s(g)?
7
Let l(n) = -296*n + 10 - n**3 + 299*n - 31*n**2 + 24*n**2. Give l(-7).
-11
Let y(v) = -v**2 + 0*v**2 + 56*v - 7 - 72*v. Let d be y(-15). Let m(b) = b**2 - 10*b + 11. Calculate m(d).
-5
Let s be (-2 + 0/(-3))*2/1. Let w(m) = 3*m**3 + 24*m**2 + 29*m - 4. Let d(q) = -q**3 - 8*q**2 - 10*q + 1. Let b(o) = s*w(o) - 11*d(o). What is b(-7)?
-2
Let f(t) = -4*t - 2. Suppose 0*l - 5*w = l - 5, 0 = 2*l - 3*w - 10. What is f(l)?
-22
Let v(j) = -11*j**2 + j + 11. Let s(m) = 7*m**2 - 6. Let h(u) = 5*s(u) + 3*v(u). Calculate h(4).
47
Let u(j) = 23*j - 12*j - 9*j + 4 - 5 - 1. Calculate u(3).
4
Let k be 4/(-1)*((-1)/(-2) + -1). Suppose -k*m - 4*m = m. Let h(z) = -z**3 + z**2 - z - 6. Determine h(m).
-6
Let b(a) = 9*a**2 - 2*a + 5. Let g(q) = -q**2 + q - 1. Let o(h) = -b(h) - 4*g(h). What is o(-1)?
-4
Let p(q) be the first derivative of -q**4/4 + 4*q**3/3 - 5*q**2/2 - 550.